{"id":5776,"date":"2021-01-28T02:45:18","date_gmt":"2021-01-28T12:45:18","guid":{"rendered":"http:\/\/www.matatohora.com\/?page_id=5776"},"modified":"2021-01-28T02:45:19","modified_gmt":"2021-01-28T12:45:19","slug":"2020-2","status":"publish","type":"page","link":"http:\/\/www.matatohora.com\/?page_id=5776","title":{"rendered":"2020"},"content":{"rendered":"\n<p>Une ann\u00e9e si particuli\u00e8re et, pour autant, encore bien remplie pour Mata Tohora : sensibilisation, collaborations, \u00e9tudes, interventions d&rsquo;urgence, etc&#8230; <\/p>\n\n\n\n<p>Tout cela vous est r\u00e9sum\u00e9 ci-dessous dans le bilan de notre 7 \u00e8me ann\u00e9e !<br><\/p>\n\n\n\n<p>Ce bilan tr\u00e8s positif nous am\u00e8ne \u00e0 la mise en place de nouveaux programmes gr\u00e2ce \u00e0 la fid\u00e9lit\u00e9 de nos&nbsp;<a href=\"http:\/\/www.matatohora.com\/?page_id=118\">partenaires<\/a>&nbsp;et avec vous tous, toujours pr\u00e9sents pour nous encourager.&nbsp;<br><em>Mauruuru roa !! <\/em><\/p>\n\n\n\n<div class=\"wp-block-file aligncenter\"><a href=\"http:\/\/www.matatohora.com\/wp-content\/uploads\/2021\/01\/Bilan-dactivit\u00e9s-MATA-TOHORA-2020.pdf\"><br><\/a><a href=\"http:\/\/www.matatohora.com\/wp-content\/uploads\/2021\/01\/Bilan-dactivit\u00e9s-MATA-TOHORA-2020.pdf\" class=\"wp-block-file__button\" download>Cliquez ici et t\u00e9l\u00e9chargez le Bilan d&rsquo;activit\u00e9s 2020 de Mata Tohora<\/a><\/div>\n\n\n\n<p style=\"text-align:center\">Alors, bonne lecture !<\/p>\n\n\n\n<div class=\"wp-block-image\"><figure class=\"aligncenter is-resized\"><img decoding=\"async\" loading=\"lazy\" src=\"http:\/\/www.matatohora.com\/wp-content\/uploads\/2021\/01\/Remerciements-2020-2021-1024x547.jpg\" alt=\"\" class=\"wp-image-5773\" width=\"516\" height=\"275\" srcset=\"http:\/\/www.matatohora.com\/wp-content\/uploads\/2021\/01\/Remerciements-2020-2021-1024x547.jpg 1024w, http:\/\/www.matatohora.com\/wp-content\/uploads\/2021\/01\/Remerciements-2020-2021-300x160.jpg 300w, http:\/\/www.matatohora.com\/wp-content\/uploads\/2021\/01\/Remerciements-2020-2021-768x410.jpg 768w\" sizes=\"(max-width: 516px) 100vw, 516px\" \/><\/figure><\/div>\n\n\n\n<p style=\"text-align:center\"><em>Merci \u00e0 tous pour votre soutien r\u00e9gulier&nbsp;<\/em><br><em>et \u00e0 nos partenaires qui nous accompagnent fid\u00e8lement&nbsp;<\/em><br><em>et sans lesquels toutes ces actions ne seraient pas possibles !<\/em><br><em>Ensemble, en route pour 2021&#8230;<\/em><\/p>\n","protected":false},"excerpt":{"rendered":"<p>Une ann\u00e9e si particuli\u00e8re et, pour autant, encore bien remplie pour Mata Tohora : sensibilisation, collaborations, \u00e9tudes, interventions d&rsquo;urgence, etc&#8230; Tout cela vous est r\u00e9sum\u00e9 ci-dessous dans le bilan de notre 7 \u00e8me ann\u00e9e ! Ce bilan tr\u00e8s positif nous am\u00e8ne \u00e0 la mise en place de nouveaux programmes gr\u00e2ce \u00e0 la fid\u00e9lit\u00e9 de nos&nbsp;partenaires&nbsp;et &hellip; <\/p>\n<p><a class=\"more-link block-button\" href=\"http:\/\/www.matatohora.com\/?page_id=5776\">Continuer \u00e0 lire\u00a0\u00bb<\/a><\/p>\n","protected":false},"author":2,"featured_media":5774,"parent":0,"menu_order":0,"comment_status":"closed","ping_status":"closed","template":"","meta":[],"_links":{"self":[{"href":"http:\/\/www.matatohora.com\/index.php?rest_route=\/wp\/v2\/pages\/5776"}],"collection":[{"href":"http:\/\/www.matatohora.com\/index.php?rest_route=\/wp\/v2\/pages"}],"about":[{"href":"http:\/\/www.matatohora.com\/index.php?rest_route=\/wp\/v2\/types\/page"}],"author":[{"embeddable":true,"href":"http:\/\/www.matatohora.com\/index.php?rest_route=\/wp\/v2\/users\/2"}],"replies":[{"embeddable":true,"href":"http:\/\/www.matatohora.com\/index.php?rest_route=%2Fwp%2Fv2%2Fcomments&post=5776"}],"version-history":[{"count":1,"href":"http:\/\/www.matatohora.com\/index.php?rest_route=\/wp\/v2\/pages\/5776\/revisions"}],"predecessor-version":[{"id":5777,"href":"http:\/\/www.matatohora.com\/index.php?rest_route=\/wp\/v2\/pages\/5776\/revisions\/5777"}],"wp:featuredmedia":[{"embeddable":true,"href":"http:\/\/www.matatohora.com\/index.php?rest_route=\/wp\/v2\/media\/5774"}],"wp:attachment":[{"href":"http:\/\/www.matatohora.com\/index.php?rest_route=%2Fwp%2Fv2%2Fmedia&parent=5776"}],"curies":[{"name":"wp","href":"https:\/\/api.w.org\/{rel}","templated":true}]}}