{"id":4161,"date":"2018-12-09T11:37:53","date_gmt":"2018-12-09T21:37:53","guid":{"rendered":"http:\/\/www.matatohora.com\/?page_id=4161"},"modified":"2024-05-30T18:34:04","modified_gmt":"2024-05-31T04:34:04","slug":"boutique-mata-tohora-2","status":"publish","type":"page","link":"http:\/\/www.matatohora.com\/?page_id=4161","title":{"rendered":"Boutique Mata Tohora"},"content":{"rendered":"\n<p class=\"has-text-align-center has-text-color has-medium-font-size\" style=\"color:#0e5f8e\"><strong>A offrir ou \u00e0 s&rsquo;offrir&#8230; des id\u00e9e cadeaux dont les recettes permettent d&rsquo;aider l&rsquo;association \u00e0 poursuivre ses actions de protection des c\u00e9tac\u00e9s.<\/strong><\/p>\n\n\n\n<p class=\"has-text-align-center has-luminous-vivid-orange-color has-text-color\"><strong>Choisissez et&nbsp;contactez-nous<\/strong> \u00e0 <a href=\"mailto:boutique.matatohora@gmail.com\">boutique.matatohora@gmail.com<\/a><\/p>\n\n\n\n<p class=\"has-text-align-center has-text-color\" style=\"color:#1d6a97\"><strong>Merci &amp; A bient\u00f4t !&nbsp;<\/strong><\/p>\n\n\n\n<p class=\"has-luminous-vivid-orange-color has-text-color\"><strong>NOUVEAU !!!<\/strong> Chaque affiche 4 500 Fcp soit 38 Euros.<\/p>\n\n\n\n<p>3 magnifiques <strong>affiches du sanctuaire des baleines<\/strong> de la Polyn\u00e9sie fran\u00e7aise, r\u00e9alis\u00e9es par Louison Denarie, artiste peintre, dessinateur, tatoueur !<\/p>\n\n\n<div class=\"wp-block-image\">\n<figure class=\"aligncenter size-large\"><a href=\"http:\/\/www.matatohora.com\/wp-content\/uploads\/2024\/05\/affiche-et-Louison-1.jpg\" rel=\"lightbox[4161]\"><img decoding=\"async\" loading=\"lazy\" width=\"1024\" height=\"537\" src=\"http:\/\/www.matatohora.com\/wp-content\/uploads\/2024\/05\/affiche-et-Louison-1-1024x537.jpg\" alt=\"\" class=\"wp-image-7116\" srcset=\"http:\/\/www.matatohora.com\/wp-content\/uploads\/2024\/05\/affiche-et-Louison-1-1024x537.jpg 1024w, http:\/\/www.matatohora.com\/wp-content\/uploads\/2024\/05\/affiche-et-Louison-1-300x157.jpg 300w, http:\/\/www.matatohora.com\/wp-content\/uploads\/2024\/05\/affiche-et-Louison-1-768x403.jpg 768w, http:\/\/www.matatohora.com\/wp-content\/uploads\/2024\/05\/affiche-et-Louison-1-1536x805.jpg 1536w, http:\/\/www.matatohora.com\/wp-content\/uploads\/2024\/05\/affiche-et-Louison-1.jpg 1658w\" sizes=\"(max-width: 1024px) 100vw, 1024px\" \/><\/a><\/figure><\/div>\n\n\n<figure class=\"wp-block-image size-large\"><a href=\"http:\/\/www.matatohora.com\/wp-content\/uploads\/2024\/05\/affiche-et-Louison.jpg\" rel=\"lightbox[4161]\"><img decoding=\"async\" loading=\"lazy\" width=\"1024\" height=\"537\" src=\"http:\/\/www.matatohora.com\/wp-content\/uploads\/2024\/05\/affiche-et-Louison-1024x537.jpg\" alt=\"\" class=\"wp-image-7114\" srcset=\"http:\/\/www.matatohora.com\/wp-content\/uploads\/2024\/05\/affiche-et-Louison-1024x537.jpg 1024w, http:\/\/www.matatohora.com\/wp-content\/uploads\/2024\/05\/affiche-et-Louison-300x157.jpg 300w, http:\/\/www.matatohora.com\/wp-content\/uploads\/2024\/05\/affiche-et-Louison-768x403.jpg 768w, http:\/\/www.matatohora.com\/wp-content\/uploads\/2024\/05\/affiche-et-Louison-1536x805.jpg 1536w, http:\/\/www.matatohora.com\/wp-content\/uploads\/2024\/05\/affiche-et-Louison.jpg 1658w\" sizes=\"(max-width: 1024px) 100vw, 1024px\" \/><\/a><\/figure>\n\n\n\n<p> <\/p>\n\n\n\n<p><em>Mauruuru \u00e0 Louison pour son soutien \u00e0 MATA TOHORA et aux baleines !! <\/em><br>#louison.tattoo<\/p>\n\n\n\n<p class=\"has-text-align-center has-luminous-vivid-orange-color has-text-color\" style=\"font-size:30px\"><span style=\"font-size: 12pt;\"><strong>Nouvelle collection &#8211; Saison 2023 ! T-shirt : Homme \/ Femme : <\/strong><em><strong>2600&nbsp;Fcp soit 22 euros<\/strong><\/em><\/span><\/p>\n\n\n\n<figure class=\"wp-block-image size-full\"><a href=\"http:\/\/www.matatohora.com\/wp-content\/uploads\/2023\/11\/t-shirt-femme-col-rond.jpg\" rel=\"lightbox[4161]\"><img decoding=\"async\" loading=\"lazy\" width=\"899\" height=\"827\" src=\"http:\/\/www.matatohora.com\/wp-content\/uploads\/2023\/11\/t-shirt-femme-col-rond.jpg\" alt=\"\" class=\"wp-image-6865\" srcset=\"http:\/\/www.matatohora.com\/wp-content\/uploads\/2023\/11\/t-shirt-femme-col-rond.jpg 899w, http:\/\/www.matatohora.com\/wp-content\/uploads\/2023\/11\/t-shirt-femme-col-rond-300x276.jpg 300w, http:\/\/www.matatohora.com\/wp-content\/uploads\/2023\/11\/t-shirt-femme-col-rond-768x706.jpg 768w\" sizes=\"(max-width: 899px) 100vw, 899px\" \/><\/a><\/figure>\n\n\n\n<figure class=\"wp-block-image size-full\"><a href=\"http:\/\/www.matatohora.com\/wp-content\/uploads\/2023\/08\/t-shirt-homme.jpg\" rel=\"lightbox[4161]\"><img decoding=\"async\" loading=\"lazy\" width=\"895\" height=\"825\" src=\"http:\/\/www.matatohora.com\/wp-content\/uploads\/2023\/08\/t-shirt-homme.jpg\" alt=\"\" class=\"wp-image-6750\" srcset=\"http:\/\/www.matatohora.com\/wp-content\/uploads\/2023\/08\/t-shirt-homme.jpg 895w, http:\/\/www.matatohora.com\/wp-content\/uploads\/2023\/08\/t-shirt-homme-300x277.jpg 300w, http:\/\/www.matatohora.com\/wp-content\/uploads\/2023\/08\/t-shirt-homme-768x708.jpg 768w\" sizes=\"(max-width: 895px) 100vw, 895px\" \/><\/a><\/figure>\n\n\n\n<p class=\"has-text-align-center\"><\/p>\n\n\n\n<p>2 mod\u00e8les : homme col rond et femme cintr\u00e9 et col rond. <\/p>\n\n\n\n<p>Tous nos T-shirts sont en coton biologique. <br>Les proc\u00e9d\u00e9s de fabrication et de teinture sont lab\u00e9lis\u00e9s Oeko-Tex. <\/p>\n\n\n\n<p>Tee-shirt bleu marine et logos bleu turquoise. Les impressions seront de type s\u00e9rigraphie. <\/p>\n\n\n\n<p>Les deux mod\u00e8les vont du XS au 4XL. <br>Afin d&rsquo;avoir la taille que vous souhaitez, nous avons choisi le format de pr\u00e9commande. <\/p>\n\n\n\n<p>Nous transmettrons vos commandes \u00e0 notre partenaire STP Multipress \u00e0 Tahiti. Il lui faudra 15 jours pour imprimer tous les tee-shirts. <br>Le tarif du tee-shirt \u00e0 l&rsquo;unit\u00e9 : 2600xpf.<br>Pour les habitants de Tahiti et Moorea, nous pourrons vous donner vos tee-shirts en main propre.<br>Pour les habitants des \u00eeles, les frais de transport d\u00e9pendront de l&rsquo;\u00eele o\u00f9 vous habitez donc nous verrons au cas par cas.<br>Pour la France, les frais de port de La Poste avec suivi, sont depuis le 1er novembre 2023 de :<\/p>\n\n\n<div class=\"wp-block-image\">\n<figure class=\"aligncenter size-large is-resized\"><a href=\"http:\/\/www.matatohora.com\/wp-content\/uploads\/2023\/11\/Capture-decran-2023-11-24-a-17.38.08.png\" rel=\"lightbox[4161]\"><img decoding=\"async\" loading=\"lazy\" src=\"http:\/\/www.matatohora.com\/wp-content\/uploads\/2023\/11\/Capture-decran-2023-11-24-a-17.38.08-1024x380.png\" alt=\"\" class=\"wp-image-6869\" width=\"466\" height=\"172\" srcset=\"http:\/\/www.matatohora.com\/wp-content\/uploads\/2023\/11\/Capture-decran-2023-11-24-a-17.38.08-1024x380.png 1024w, http:\/\/www.matatohora.com\/wp-content\/uploads\/2023\/11\/Capture-decran-2023-11-24-a-17.38.08-300x111.png 300w, http:\/\/www.matatohora.com\/wp-content\/uploads\/2023\/11\/Capture-decran-2023-11-24-a-17.38.08-768x285.png 768w, http:\/\/www.matatohora.com\/wp-content\/uploads\/2023\/11\/Capture-decran-2023-11-24-a-17.38.08.png 1186w\" sizes=\"(max-width: 466px) 100vw, 466px\" \/><\/a><\/figure><\/div>\n\n\n<p><br>Pour toutes commandes plus importantes ou \u00e0 destination d&rsquo;un autre pays, nous vous transmettrons les frais de port au cas par cas.<br><\/p>\n\n\n\n<p>Pour toutes pr\u00e9commandes, envoie un email \u00e0 <a href=\"mailto:boutique.matatohora@gmail.com\">boutique.matatohora@gmail.com<\/a> en nous donnant les informations suivantes : <br>&#8211; Nom <br>&#8211; Pr\u00e9nom <br>&#8211; Email <br>&#8211; Num\u00e9ro de t\u00e9l\u00e9phone <br>&#8211; Adresse postale <br>&#8211; Ta commande : type de tee-shirt (F ou H), taille et quantit\u00e9.<\/p>\n\n\n\n<p><\/p>\n\n\n\n<!--more-->\n\n\n\n<p class=\"has-text-align-left\">&nbsp;<\/p>\n\n\n\n<p class=\"has-text-align-left\"><span style=\"font-size: 12pt;\"><strong>&gt;&gt; Jeu \u00e9ducatif , le Jeu de la Baleine :&nbsp;<\/strong>6 000 Fcp soit 50 euros<\/span><\/p>\n\n\n<div class=\"wp-block-image\">\n<figure class=\"aligncenter\"><a href=\"http:\/\/www.matatohora.com\/wp-content\/uploads\/2017\/06\/jeux-BD.jpg\" rel=\"lightbox[4161]\"><img decoding=\"async\" loading=\"lazy\" width=\"780\" height=\"1024\" src=\"http:\/\/www.matatohora.com\/wp-content\/uploads\/2017\/06\/jeux-BD-780x1024.jpg\" alt=\"\" class=\"wp-image-3149\" srcset=\"http:\/\/www.matatohora.com\/wp-content\/uploads\/2017\/06\/jeux-BD-780x1024.jpg 780w, http:\/\/www.matatohora.com\/wp-content\/uploads\/2017\/06\/jeux-BD-228x300.jpg 228w, http:\/\/www.matatohora.com\/wp-content\/uploads\/2017\/06\/jeux-BD-768x1008.jpg 768w\" sizes=\"(max-width: 780px) 100vw, 780px\" \/><\/a><\/figure><\/div>\n\n\n<p class=\"has-text-align-left\"><\/p>\n\n\n\n<p class=\"has-text-align-left\"><span style=\"font-size: 12pt;\"><strong>&gt;&gt; &nbsp;Autocollant \u00ab\u00a0C&rsquo;est Assez!\u00a0\u00bb<\/strong>&nbsp;: 300 Fcp soit 2,5 euros (ou cadeau lors de l&rsquo;adh\u00e9sion)<\/span><\/p>\n\n\n\n<p class=\"has-text-align-left\">Autocollant rond de 10 cm de diam\u00e8tre fond blanc ou transparent, au choix.<\/p>\n\n\n<div class=\"wp-block-image\">\n<figure class=\"aligncenter\"><a href=\"http:\/\/www.matatohora.com\/wp-content\/uploads\/2017\/06\/autocollant.jpg\" rel=\"lightbox[4161]\"><img decoding=\"async\" loading=\"lazy\" width=\"1024\" height=\"934\" src=\"http:\/\/www.matatohora.com\/wp-content\/uploads\/2017\/06\/autocollant-1024x934.jpg\" alt=\"\" class=\"wp-image-3180\" srcset=\"http:\/\/www.matatohora.com\/wp-content\/uploads\/2017\/06\/autocollant-1024x934.jpg 1024w, http:\/\/www.matatohora.com\/wp-content\/uploads\/2017\/06\/autocollant-300x274.jpg 300w, http:\/\/www.matatohora.com\/wp-content\/uploads\/2017\/06\/autocollant-768x700.jpg 768w, http:\/\/www.matatohora.com\/wp-content\/uploads\/2017\/06\/autocollant.jpg 1373w\" sizes=\"(max-width: 1024px) 100vw, 1024px\" \/><\/a><\/figure><\/div>\n\n\n<p class=\"has-text-align-left\"><\/p>\n\n\n\n<p class=\"has-text-align-left\"><span style=\"font-size: 12pt;\"><strong>&gt;&gt; &nbsp;Presse-papiers :&nbsp;<\/strong>2 000 Fcp soit 16,5&nbsp;euros<\/span><\/p>\n\n\n<div class=\"wp-block-image\">\n<figure class=\"aligncenter\"><a href=\"http:\/\/www.matatohora.com\/wp-content\/uploads\/2017\/06\/troph\u00e9e.jpg\" rel=\"lightbox[4161]\"><img decoding=\"async\" loading=\"lazy\" width=\"624\" height=\"640\" src=\"http:\/\/www.matatohora.com\/wp-content\/uploads\/2017\/06\/troph\u00e9e.jpg\" alt=\"\" class=\"wp-image-3164\" srcset=\"http:\/\/www.matatohora.com\/wp-content\/uploads\/2017\/06\/troph\u00e9e.jpg 624w, http:\/\/www.matatohora.com\/wp-content\/uploads\/2017\/06\/troph\u00e9e-293x300.jpg 293w\" sizes=\"(max-width: 624px) 100vw, 624px\" \/><\/a><\/figure><\/div>\n\n\n<p class=\"has-text-align-left\"><\/p>\n\n\n\n<p class=\"has-text-align-left\"><span style=\"font-size: 12pt;\"><strong>&gt;&gt; &nbsp;Plaquettes \u00e9tanches \u00ab\u00a0Guide pratique pour l&rsquo;observation des baleines \u00e0 bosse en Polyn\u00e9sie fran\u00e7aise\u00a0\u00bb :&nbsp;<\/strong>2&nbsp;000 Fcp soit&nbsp;16,5&nbsp;euros<\/span><br>(Fran\u00e7ais ou Anglais, vendues sans la figurine&nbsp;de baleine)<\/p>\n\n\n<div class=\"wp-block-image\">\n<figure class=\"aligncenter\"><a href=\"http:\/\/www.matatohora.com\/wp-content\/uploads\/2017\/06\/plaquettes-\u00e9tanches-baleine2-BD.jpg\" rel=\"lightbox[4161]\"><img decoding=\"async\" loading=\"lazy\" width=\"1024\" height=\"621\" src=\"http:\/\/www.matatohora.com\/wp-content\/uploads\/2017\/06\/plaquettes-\u00e9tanches-baleine2-BD-1024x621.jpg\" alt=\"\" class=\"wp-image-3099\" srcset=\"http:\/\/www.matatohora.com\/wp-content\/uploads\/2017\/06\/plaquettes-\u00e9tanches-baleine2-BD-1024x621.jpg 1024w, http:\/\/www.matatohora.com\/wp-content\/uploads\/2017\/06\/plaquettes-\u00e9tanches-baleine2-BD-300x182.jpg 300w, http:\/\/www.matatohora.com\/wp-content\/uploads\/2017\/06\/plaquettes-\u00e9tanches-baleine2-BD-768x466.jpg 768w\" sizes=\"(max-width: 1024px) 100vw, 1024px\" \/><\/a><\/figure><\/div>\n\n\n<p class=\"has-text-align-left\"><\/p>\n\n\n\n<p><\/p>\n\n\n\n<p><strong>&gt;&gt; &nbsp;Porte-cl\u00e9s 1 700 Fcp ( 14 euros)<\/strong> <strong>les petits et 2 000 Fcp (17 euros) les grands <span style=\"color: #808080; font-size: 10pt;\">(Selon les stocks disponibles &#8211; Edition limit\u00e9e &#8211; Faits main)<\/span> <\/strong><\/p>\n\n\n\n<figure class=\"wp-block-image alignleft size-full is-resized\"><a href=\"http:\/\/www.matatohora.com\/wp-content\/uploads\/2023\/08\/Porte-cle-7.jpg\" rel=\"lightbox[4161]\"><img decoding=\"async\" loading=\"lazy\" src=\"http:\/\/www.matatohora.com\/wp-content\/uploads\/2023\/08\/Porte-cle-7.jpg\" alt=\"\" class=\"wp-image-6768\" width=\"333\" height=\"276\" srcset=\"http:\/\/www.matatohora.com\/wp-content\/uploads\/2023\/08\/Porte-cle-7.jpg 979w, http:\/\/www.matatohora.com\/wp-content\/uploads\/2023\/08\/Porte-cle-7-300x249.jpg 300w, http:\/\/www.matatohora.com\/wp-content\/uploads\/2023\/08\/Porte-cle-7-768x636.jpg 768w\" sizes=\"(max-width: 333px) 100vw, 333px\" \/><\/a><figcaption class=\"wp-element-caption\">\n\n<\/figcaption><\/figure>\n\n\n\n<figure class=\"wp-block-image size-large is-resized\"><a href=\"http:\/\/www.matatohora.com\/wp-content\/uploads\/2023\/08\/Porte-cle-4.jpg\" rel=\"lightbox[4161]\"><img decoding=\"async\" loading=\"lazy\" src=\"http:\/\/www.matatohora.com\/wp-content\/uploads\/2023\/08\/Porte-cle-4-1024x767.jpg\" alt=\"\" class=\"wp-image-6765\" width=\"380\" height=\"286\" srcset=\"http:\/\/www.matatohora.com\/wp-content\/uploads\/2023\/08\/Porte-cle-4-1024x767.jpg 1024w, http:\/\/www.matatohora.com\/wp-content\/uploads\/2023\/08\/Porte-cle-4-300x225.jpg 300w, http:\/\/www.matatohora.com\/wp-content\/uploads\/2023\/08\/Porte-cle-4-768x575.jpg 768w, http:\/\/www.matatohora.com\/wp-content\/uploads\/2023\/08\/Porte-cle-4-1536x1150.jpg 1536w, http:\/\/www.matatohora.com\/wp-content\/uploads\/2023\/08\/Porte-cle-4.jpg 1725w\" sizes=\"(max-width: 380px) 100vw, 380px\" \/><\/a><\/figure>\n\n\n\n<p><\/p>\n\n\n\n<figure class=\"wp-block-image size-large is-resized\"><a href=\"http:\/\/www.matatohora.com\/wp-content\/uploads\/2023\/08\/Porte-cle-6.jpg\" rel=\"lightbox[4161]\"><img decoding=\"async\" loading=\"lazy\" src=\"http:\/\/www.matatohora.com\/wp-content\/uploads\/2023\/08\/Porte-cle-6-1024x715.jpg\" alt=\"\" class=\"wp-image-6762\" width=\"801\" height=\"559\" srcset=\"http:\/\/www.matatohora.com\/wp-content\/uploads\/2023\/08\/Porte-cle-6-1024x715.jpg 1024w, http:\/\/www.matatohora.com\/wp-content\/uploads\/2023\/08\/Porte-cle-6-300x209.jpg 300w, http:\/\/www.matatohora.com\/wp-content\/uploads\/2023\/08\/Porte-cle-6-768x536.jpg 768w, http:\/\/www.matatohora.com\/wp-content\/uploads\/2023\/08\/Porte-cle-6.jpg 1435w\" sizes=\"(max-width: 801px) 100vw, 801px\" \/><\/a><\/figure>\n\n\n\n<figure class=\"wp-block-image size-large is-resized\"><a href=\"http:\/\/www.matatohora.com\/wp-content\/uploads\/2023\/08\/Porte-cle-5.jpg\" rel=\"lightbox[4161]\"><img decoding=\"async\" loading=\"lazy\" src=\"http:\/\/www.matatohora.com\/wp-content\/uploads\/2023\/08\/Porte-cle-5-1024x767.jpg\" alt=\"\" class=\"wp-image-6767\" width=\"800\" height=\"599\" srcset=\"http:\/\/www.matatohora.com\/wp-content\/uploads\/2023\/08\/Porte-cle-5-1024x767.jpg 1024w, http:\/\/www.matatohora.com\/wp-content\/uploads\/2023\/08\/Porte-cle-5-300x225.jpg 300w, http:\/\/www.matatohora.com\/wp-content\/uploads\/2023\/08\/Porte-cle-5-768x576.jpg 768w, http:\/\/www.matatohora.com\/wp-content\/uploads\/2023\/08\/Porte-cle-5-1536x1151.jpg 1536w, http:\/\/www.matatohora.com\/wp-content\/uploads\/2023\/08\/Porte-cle-5.jpg 1736w\" sizes=\"(max-width: 800px) 100vw, 800px\" \/><\/a><\/figure>\n\n\n<div class=\"wp-block-image\">\n<figure class=\"alignleft size-full is-resized\"><a href=\"http:\/\/www.matatohora.com\/wp-content\/uploads\/2023\/08\/Porte-cle-1.jpg\" rel=\"lightbox[4161]\"><img decoding=\"async\" loading=\"lazy\" src=\"http:\/\/www.matatohora.com\/wp-content\/uploads\/2023\/08\/Porte-cle-1.jpg\" alt=\"\" class=\"wp-image-6763\" width=\"368\" height=\"301\"\/><\/a><figcaption class=\"wp-element-caption\">Vendu sans le mousqueton ni la cl\u00e9&#8230;<\/figcaption><\/figure><\/div>\n\n\n<figure class=\"wp-block-image size-large is-resized\"><a href=\"http:\/\/www.matatohora.com\/wp-content\/uploads\/2023\/08\/Porte-cle-2.jpg\" rel=\"lightbox[4161]\"><img decoding=\"async\" loading=\"lazy\" src=\"http:\/\/www.matatohora.com\/wp-content\/uploads\/2023\/08\/Porte-cle-2-1024x767.jpg\" alt=\"\" class=\"wp-image-6764\" width=\"413\" height=\"308\" srcset=\"http:\/\/www.matatohora.com\/wp-content\/uploads\/2023\/08\/Porte-cle-2-1024x767.jpg 1024w, http:\/\/www.matatohora.com\/wp-content\/uploads\/2023\/08\/Porte-cle-2-300x225.jpg 300w, http:\/\/www.matatohora.com\/wp-content\/uploads\/2023\/08\/Porte-cle-2-768x575.jpg 768w, http:\/\/www.matatohora.com\/wp-content\/uploads\/2023\/08\/Porte-cle-2-1536x1150.jpg 1536w, http:\/\/www.matatohora.com\/wp-content\/uploads\/2023\/08\/Porte-cle-2.jpg 1727w\" sizes=\"(max-width: 413px) 100vw, 413px\" \/><\/a><figcaption class=\"wp-element-caption\">Vendu sans le sac&#8230;<\/figcaption><\/figure>\n\n\n\n<p>En vente uniquement dans la boutique <a href=\"https:\/\/www.facebook.com\/matatohora?__cft__[0]=AZW8-4KZ9SPe6HSvlpl8DjeDh118SroJefXX9xpzD55WPsOR43tg6SEVz9x4fe7ZDwlivmHY58OBxb63N2cvcqj4cfmcmpOsxmiKyQgzk8y_YWVI3wDG-5muFR68g51YtmxzLxLrC4xUTjl1ZwOG5K9w6UJzUpgDRQ8dNM9k4cHMObTGBp_0q7r9NcrqeFPL7Ww&amp;__tn__=-]K-R\">Mata Tohora<\/a> !! <br>Nous avons rencontr\u00e9 une artiste qui recycle les chambres \u00e0 air et la ouate pour cr\u00e9er des objets de d\u00e9coration.<br>Charm\u00e9e par nos actions et nos objectifs communs, elle a cr\u00e9\u00e9 exclusivement pour vous des porte-cl\u00e9s mod\u00e8le dauphin et queue de baleine. <br>2 tailles : S (3x6cm) et M (4,5 x7 cm) plat ou garni de ouate, au choix.<br>Taille S : 1 700 Fcp ( 14 euros)<br>Taille M : 2 000 Fcp (17 euros)<br>Plat ou avec garniture ouate.<br>Fait \u00e0 la main, avec Amour !!<\/p>\n\n\n\n<p><strong>Pour toute&nbsp;commande \u00e0 partir de 6 000 Fcp (50 euros) un cadeau offert, \u00e0 partir de 12 000 Fcp (100 euros) 2 cadeaux offerts.&nbsp;<\/strong><\/p>\n\n\n\n<p>Les recettes permettent d&rsquo;aider l&rsquo;association \u00e0 poursuivre ses actions de protection des c\u00e9tac\u00e9s en Polyn\u00e9sie fran\u00e7aise.<\/p>\n\n\n\n<p class=\"has-text-align-center\"><strong><em>Tous nos produits sont con\u00e7us par Mata Tohora.<\/em><\/strong> <strong><em>Reproduction partielle ou totale strictement interdite sur tout support sans autorisation pr\u00e9alable.&nbsp;<\/em><\/strong><\/p>\n","protected":false},"excerpt":{"rendered":"<p>A offrir ou \u00e0 s&rsquo;offrir&#8230; des id\u00e9e cadeaux dont les recettes permettent d&rsquo;aider l&rsquo;association \u00e0 poursuivre ses actions de protection des c\u00e9tac\u00e9s. Choisissez et&nbsp;contactez-nous \u00e0 boutique.matatohora@gmail.com Merci &amp; A bient\u00f4t !&nbsp; NOUVEAU !!! Chaque affiche 4 500 Fcp soit 38 Euros. 3 magnifiques affiches du sanctuaire des baleines de la Polyn\u00e9sie fran\u00e7aise, r\u00e9alis\u00e9es par Louison &hellip; <\/p>\n<p><a class=\"more-link block-button\" href=\"http:\/\/www.matatohora.com\/?page_id=4161\">Continuer \u00e0 lire\u00a0\u00bb<\/a><\/p>\n","protected":false},"author":2,"featured_media":0,"parent":0,"menu_order":0,"comment_status":"closed","ping_status":"closed","template":"","meta":[],"_links":{"self":[{"href":"http:\/\/www.matatohora.com\/index.php?rest_route=\/wp\/v2\/pages\/4161"}],"collection":[{"href":"http:\/\/www.matatohora.com\/index.php?rest_route=\/wp\/v2\/pages"}],"about":[{"href":"http:\/\/www.matatohora.com\/index.php?rest_route=\/wp\/v2\/types\/page"}],"author":[{"embeddable":true,"href":"http:\/\/www.matatohora.com\/index.php?rest_route=\/wp\/v2\/users\/2"}],"replies":[{"embeddable":true,"href":"http:\/\/www.matatohora.com\/index.php?rest_route=%2Fwp%2Fv2%2Fcomments&post=4161"}],"version-history":[{"count":34,"href":"http:\/\/www.matatohora.com\/index.php?rest_route=\/wp\/v2\/pages\/4161\/revisions"}],"predecessor-version":[{"id":7118,"href":"http:\/\/www.matatohora.com\/index.php?rest_route=\/wp\/v2\/pages\/4161\/revisions\/7118"}],"wp:attachment":[{"href":"http:\/\/www.matatohora.com\/index.php?rest_route=%2Fwp%2Fv2%2Fmedia&parent=4161"}],"curies":[{"name":"wp","href":"https:\/\/api.w.org\/{rel}","templated":true}]}}