{"id":2212,"date":"2016-07-11T18:53:34","date_gmt":"2016-07-12T04:53:34","guid":{"rendered":"http:\/\/www.matatohora.com\/?page_id=2212"},"modified":"2020-01-27T18:24:05","modified_gmt":"2020-01-28T04:24:05","slug":"2014-2","status":"publish","type":"page","link":"http:\/\/www.matatohora.com\/?page_id=2212","title":{"rendered":"2014"},"content":{"rendered":"<p style=\"text-align: center;\">Voici le\u00a0<a href=\"http:\/\/www.matatohora.com\/wp-content\/uploads\/2016\/07\/Bilan-dactivit\u00e9-MATA-TOHORA-2014.pdf\" target=\"_blank\" rel=\"noopener noreferrer\">Bilan d&rsquo;activit\u00e9 MATA TOHORA 2014<\/a>\u00a0r\u00e9sum\u00e9 en images.<\/p>\n<p style=\"text-align: center;\">Mata Tohora remercie chaleureusement toutes les personnes qui nous soutiennent<br \/>\net qui ont particip\u00e9 aux diverses actions de l&rsquo;association, sans oublier nos <a href=\"http:\/\/www.matatohora.com\/?page_id=118\">partenaires<\/a> sans qui ces actions ne pourraient avoir lieu.<\/p>\n<p style=\"text-align: center;\">Mauruuru et \u00e0 bient\u00f4t&#8230;<\/p>\n<p style=\"text-align: center;\">Bonne lecture<\/p>\n<p style=\"text-align: center;\"><a href=\"http:\/\/www.matatohora.com\/wp-content\/uploads\/2015\/05\/GOPR22881.jpg\"  rel=\"lightbox[2212] attachment wp-att-1230\"><img decoding=\"async\" loading=\"lazy\" class=\"size-full wp-image-1230 aligncenter\" src=\"http:\/\/www.matatohora.com\/wp-content\/uploads\/2015\/05\/GOPR22881.jpg\" alt=\"DCIM100GOPRO\" width=\"567\" height=\"425\" srcset=\"http:\/\/www.matatohora.com\/wp-content\/uploads\/2015\/05\/GOPR22881.jpg 567w, http:\/\/www.matatohora.com\/wp-content\/uploads\/2015\/05\/GOPR22881-300x225.jpg 300w, http:\/\/www.matatohora.com\/wp-content\/uploads\/2015\/05\/GOPR22881-160x120.jpg 160w\" sizes=\"(max-width: 567px) 100vw, 567px\" \/><\/a><\/p>\n","protected":false},"excerpt":{"rendered":"<p>Voici le\u00a0Bilan d&rsquo;activit\u00e9 MATA TOHORA 2014\u00a0r\u00e9sum\u00e9 en images. Mata Tohora remercie chaleureusement toutes les personnes qui nous soutiennent et qui ont particip\u00e9 aux diverses actions de l&rsquo;association, sans oublier nos partenaires sans qui ces actions ne pourraient avoir lieu. Mauruuru et \u00e0 bient\u00f4t&#8230; Bonne lecture<\/p>\n","protected":false},"author":2,"featured_media":0,"parent":0,"menu_order":0,"comment_status":"closed","ping_status":"closed","template":"","meta":[],"_links":{"self":[{"href":"http:\/\/www.matatohora.com\/index.php?rest_route=\/wp\/v2\/pages\/2212"}],"collection":[{"href":"http:\/\/www.matatohora.com\/index.php?rest_route=\/wp\/v2\/pages"}],"about":[{"href":"http:\/\/www.matatohora.com\/index.php?rest_route=\/wp\/v2\/types\/page"}],"author":[{"embeddable":true,"href":"http:\/\/www.matatohora.com\/index.php?rest_route=\/wp\/v2\/users\/2"}],"replies":[{"embeddable":true,"href":"http:\/\/www.matatohora.com\/index.php?rest_route=%2Fwp%2Fv2%2Fcomments&post=2212"}],"version-history":[{"count":5,"href":"http:\/\/www.matatohora.com\/index.php?rest_route=\/wp\/v2\/pages\/2212\/revisions"}],"predecessor-version":[{"id":5081,"href":"http:\/\/www.matatohora.com\/index.php?rest_route=\/wp\/v2\/pages\/2212\/revisions\/5081"}],"wp:attachment":[{"href":"http:\/\/www.matatohora.com\/index.php?rest_route=%2Fwp%2Fv2%2Fmedia&parent=2212"}],"curies":[{"name":"wp","href":"https:\/\/api.w.org\/{rel}","templated":true}]}}