{"id":20,"date":"2013-10-22T21:47:22","date_gmt":"2013-10-22T19:47:22","guid":{"rendered":"http:\/\/matatohora.com\/?page_id=20"},"modified":"2014-08-18T19:21:12","modified_gmt":"2014-08-19T05:21:12","slug":"whale-watching-en-polynesie-francaise","status":"publish","type":"page","link":"http:\/\/www.matatohora.com\/?page_id=20","title":{"rendered":"Whale-watching en Polyn\u00e9sie fran\u00e7aise"},"content":{"rendered":"<p style=\"text-align: center;\"><strong>De la chasse \u00e0 la baleine, \u00e0 la cr\u00e9ation d\u2019un des plus grands sanctuaires du monde&#8230;<\/strong><\/p>\n<p style=\"text-align: justify;\">Des milliers de baleines \u00e0 bosse ont \u00e9t\u00e9\u00a0tu\u00e9es dans le sud de la Polyn\u00e9sie fran\u00e7aise, \u00e0 la moiti\u00e9 du\u00a020\u00e8me si\u00e8cle.<\/p>\n<p style=\"text-align: justify;\">En moins de 40 ans (1920 \u00e0 1960) plus de 2 millions de baleines ont \u00e9t\u00e9 tu\u00e9es dans le monde, dont environ<br \/>\n200 000 baleines \u00e0 bosse. Environ 97 % de la population mondiale de cette esp\u00e8ce ont \u00e9t\u00e9 massacr\u00e9s. En 1962, il ne restait plus que 3% de leur nombre originel.<\/p>\n<p style=\"text-align: center;\"><strong>Aujourd\u2019hui, en Polyn\u00e9sie fran\u00e7aise, les baleines et tous les mammif\u00e8res marins peuvent venir se reproduire, mettre bas et pour certains se s\u00e9dentariser, en toute tranquillit\u00e9 ! <\/strong><\/p>\n<p style=\"text-align: justify;\">En effet, en 2002 est n\u00e9 un des plus grands sanctuaires au monde avec une surface oc\u00e9anique de 5 millions de kilom\u00e8tres carr\u00e9s et 24 esp\u00e8ces de baleines et de dauphins, ce qui caract\u00e9rise une diversit\u00e9 biologique \u00e9lev\u00e9e.<\/p>\n<p style=\"text-align: center;\"><span style=\"color: #ff0000;\"><strong>Observer les c\u00e9tac\u00e9s dans leur milieu naturel : en Polyn\u00e9sie, c\u2019est possible !!<\/strong><\/span><\/p>\n<p style=\"text-align: justify;\">En Polyn\u00e9sie fran\u00e7aise, l\u2019activit\u00e9 commerciale d\u2019observation des baleines \u00e0 bosse a d\u00e9but\u00e9 en 1992. Jusqu\u2019en 1995, un seul op\u00e9rateur pratiquait cette activit\u00e9. Puis rapidement, le whale-watching s\u2019est d\u00e9velopp\u00e9 en Polyn\u00e9sie fran\u00e7aise comme dans les autres \u00eeles du Pacifique Sud. Depuis une dizaine d\u2019ann\u00e9es, les activit\u00e9s touristiques d\u2019observation des c\u00e9tac\u00e9s connaissent une croissance exponentielle. Les enjeux \u00e9conomiques et le d\u00e9veloppement de cette nouvelle activit\u00e9 ont pris une ampleur grandissante&#8230;\u00a0Rien de plus sensationnel que d\u2019observer les baleines \u00e0 bosse et les dauphins \u00e9voluer dans leur milieu naturel !<\/p>\n<p style=\"text-align: center;\"><span style=\"color: #ff0000;\"><strong>Observer , oui&#8230; mais avec respect !<\/strong><\/span><\/p>\n<p style=\"text-align: justify;\">Pour permettre un d\u00e9veloppement durable de l\u2019activit\u00e9 de \u00ab whale-watching \u00bb plusieurs pays ont opt\u00e9 pour r\u00e9glementer l\u2019approche des mammif\u00e8res marins afin de pr\u00e9server et de valoriser cette activit\u00e9 d\u2019une part, et d\u2019autre part, de limiter les risques d\u2019impact sur les esp\u00e8ces observ\u00e9es et de prot\u00e9ger les observateurs.<\/p>\n<p style=\"text-align: justify;\">A l\u2019instar de nombreux pays, la Polyn\u00e9sie s\u2019est donc dot\u00e9e d\u2019une <strong>r\u00e9glementation en cr\u00e9ant le sanctuaire par l&rsquo;<a href=\"http:\/\/www.matatohora.com\/wp-content\/uploads\/2013\/10\/Arr\u00eat\u00e9-n\u00b0-622-CM-du-13-mai-2002.pdf\">Arr\u00eat\u00e9 n\u00b0 622 CM du 13 mai 2002<\/a>\u00a0&amp;\u00a0<a href=\"http:\/\/www.matatohora.com\/wp-content\/uploads\/2013\/10\/Arr\u00eat\u00e9-n\u00b0-623-CM-du-13-mai-2002.pdf\">Arr\u00eat\u00e9 n\u00b0 623 CM du 13 mai 2002<\/a><\/strong>.\u00a0Ainsi, le harc\u00e8lement, la capture, la chasse sont strictement interdits. L\u2019approche en bateau et dans l\u2019eau est r\u00e9glement\u00e9e, les activit\u00e9s commerciales, les \u00e9tudes scientifiques et les prises audiovisuelles sont soumises \u00e0 autorisation d\u00e9livr\u00e9e par la Direction de l\u2019Environnement.<\/p>\n<p style=\"text-align: justify;\">Les articles <a href=\"http:\/\/www.matatohora.com\/wp-content\/uploads\/2013\/10\/Art.-A-121-3-\u00e0-121-7.pdf\">Art. A 121-3 \u00e0 121-7<\/a>,\u00a0<a href=\"http:\/\/www.matatohora.com\/wp-content\/uploads\/2013\/10\/Art.-A-121-25-\u00e0-121-27.pdf\">Art. A 121-25 \u00e0 121-27<\/a>,\u00a0<a href=\"http:\/\/www.matatohora.com\/wp-content\/uploads\/2013\/10\/Art.-A-121-28-\u00e0-121-33.pdf\">Art. A 121-28 \u00e0 121-33<\/a>\u00a0et\u00a0<a href=\"http:\/\/www.matatohora.com\/wp-content\/uploads\/2013\/10\/Art.-A-121-34-\u00e0-121-36.pdf\">Art. A 121-34 \u00e0 121-36<\/a>\u00a0du code de l\u2019environnement de la Polyn\u00e9sie fran\u00e7aise <strong>r\u00e8glemente l\u2019activit\u00e9 whale-watching et les approches des mammif\u00e8res marins<\/strong>.<\/p>\n<p style=\"text-align: justify;\">Les articles\u00a0<a href=\"http:\/\/www.matatohora.com\/wp-content\/uploads\/2013\/10\/Art.-A-121-16-\u00e0-121-19.pdf\">Art. A 121-16 \u00e0 121-19<\/a>,\u00a0<a href=\"http:\/\/www.matatohora.com\/wp-content\/uploads\/2013\/10\/Art.-A-121-20-\u00e0-121-24.pdf\">Art. A 121-20 \u00e0 121-24<\/a>\u00a0r\u00e9glementent les activit\u00e9s exceptionnelles d\u2019approche de baleines et autres mammif\u00e8res marins, \u00e0 des fins scientifiques.<\/p>\n<p style=\"text-align: justify;\">L\u2019arr\u00eat\u00e9 N\u00b0 624 CM du 13 mai 2002 d\u00e9finit et r\u00e9glemente les conditions d\u2019approche pour l\u2019activit\u00e9 du whale-watching. Il donne les consignes \u00e0 respecter pour \u00e9viter le harc\u00e8lement des animaux.<\/p>\n<p style=\"text-align: justify;\">Les <a href=\"http:\/\/www.matatohora.com\/wp-content\/uploads\/2013\/10\/sanctions.pdf\">sanctions<\/a>\u00a0en cas de non respect de ces articles sont \u00e9galement pr\u00e9vues dans le code de l\u2019environnement de la Polyn\u00e9sie fran\u00e7aise.<\/p>\n<p style=\"text-align: justify;\">Les\u00a0activit\u00e9s de recherche ou commerciales de whale-watching ainsi que les prises audio-visuelles \u00e0 buts scientifique ou commercial sont donc soumises \u00e0 autorisation d\u00e9livr\u00e9e par la Direction de l&rsquo;Environnement (DIREN)\u00a0apr\u00e8s examen d&rsquo;un dossier \u00e0 lui remettre. Pour information, voir le formulaire (<a href=\"http:\/\/www.matatohora.com\/wp-content\/uploads\/2013\/10\/p1.pdf\">p1<\/a>,\u00a0<a href=\"http:\/\/www.matatohora.com\/wp-content\/uploads\/2013\/10\/p2.pdf\">p2<\/a>) qui doit \u00eatre remis \u00e0 la DIREN avec les pi\u00e8ces justificatives.<\/p>\n","protected":false},"excerpt":{"rendered":"<p>De la chasse \u00e0 la baleine, \u00e0 la cr\u00e9ation d\u2019un des plus grands sanctuaires du monde&#8230; Des milliers de baleines \u00e0 bosse ont \u00e9t\u00e9\u00a0tu\u00e9es dans le sud de la Polyn\u00e9sie fran\u00e7aise, \u00e0 la moiti\u00e9 du\u00a020\u00e8me si\u00e8cle. En moins de 40 ans (1920 \u00e0 1960) plus de 2 millions de baleines ont \u00e9t\u00e9 tu\u00e9es dans le &hellip; <\/p>\n<p><a class=\"more-link block-button\" href=\"http:\/\/www.matatohora.com\/?page_id=20\">Continuer \u00e0 lire\u00a0\u00bb<\/a><\/p>\n","protected":false},"author":1,"featured_media":0,"parent":0,"menu_order":0,"comment_status":"open","ping_status":"open","template":"","meta":[],"_links":{"self":[{"href":"http:\/\/www.matatohora.com\/index.php?rest_route=\/wp\/v2\/pages\/20"}],"collection":[{"href":"http:\/\/www.matatohora.com\/index.php?rest_route=\/wp\/v2\/pages"}],"about":[{"href":"http:\/\/www.matatohora.com\/index.php?rest_route=\/wp\/v2\/types\/page"}],"author":[{"embeddable":true,"href":"http:\/\/www.matatohora.com\/index.php?rest_route=\/wp\/v2\/users\/1"}],"replies":[{"embeddable":true,"href":"http:\/\/www.matatohora.com\/index.php?rest_route=%2Fwp%2Fv2%2Fcomments&post=20"}],"version-history":[{"count":11,"href":"http:\/\/www.matatohora.com\/index.php?rest_route=\/wp\/v2\/pages\/20\/revisions"}],"predecessor-version":[{"id":890,"href":"http:\/\/www.matatohora.com\/index.php?rest_route=\/wp\/v2\/pages\/20\/revisions\/890"}],"wp:attachment":[{"href":"http:\/\/www.matatohora.com\/index.php?rest_route=%2Fwp%2Fv2%2Fmedia&parent=20"}],"curies":[{"name":"wp","href":"https:\/\/api.w.org\/{rel}","templated":true}]}}